{"id":2627,"date":"2024-03-06T18:36:31","date_gmt":"2024-03-06T17:36:31","guid":{"rendered":"https:\/\/power-cube.globeweb.stronazen.pl\/produkt\/powercube-extended-usb-ac-wirelesscharger\/"},"modified":"2024-04-24T19:22:32","modified_gmt":"2024-04-24T17:22:32","slug":"powercube-extended-usb-ac-wirelesscharger","status":"publish","type":"product","link":"https:\/\/power-cube.globeweb.stronazen.pl\/en\/product\/powercube-extended-usb-ac-wirelesscharger\/","title":{"rendered":"PowerCube Extended USB A+C WirelessCharger"},"content":{"rendered":"<h1 style=\"text-align: center;\">allcacoc PowerCube Extended USB A+C WirelessCharger<\/h1>\n<p style=\"text-align: center;\">11164\/FRPEWL<\/p>\n<h2 style=\"text-align: center;\">Listwa zasilaj\u0105ca z przed\u0142u\u017caczem, z mo\u017cliwo\u015bci\u0105 \u0142adowania urz\u0105dze\u0144 drog\u0105 bezprzewodow\u0105 lub przez porty USB-C i USB-A<\/h2>\n<p style=\"text-align: center;\"><img loading=\"lazy\" decoding=\"async\" src=\"\/userdata\/public\/assets\/Pc z logo designnest\/11164%20FRPEWL.webp\" alt=\"\" width=\"1158\" height=\"1158\" \/><\/p>\n<p style=\"text-align: center;\">\n<table>\n<tbody>\n<tr>\n<td style=\"width: 50%; text-align: center;\"><span style=\"font-size: 14px;\"><img decoding=\"async\" src=\"https:\/\/power-cube.pl\/public\/assets\/extended wirelesscharger\/1.jpg\" alt=\"\" \/><\/span><\/td>\n<td>\n<p style=\"padding-left: 30px;\"><strong>\u0141adowanie bezprzewodowe<\/strong><\/p>\n<p style=\"padding-left: 30px;\">Wystarczy umie\u015bci\u0107 telefon na bezprzewodowej stacji \u0142aduj\u0105cej, aby go na\u0142adowa\u0107.<\/p>\n<\/td>\n<\/tr>\n<tr>\n<td style=\"text-align: center;\"><span style=\"font-size: 14px;\"><img decoding=\"async\" src=\"https:\/\/power-cube.pl\/public\/assets\/extended wirelesscharger\/2.jpg\" alt=\"\" \/><\/span><\/td>\n<td><span style=\"font-size: 14px;\"><span style=\"font-size: 14px;\"> <\/span><\/span> <\/p>\n<p style=\"padding-left: 30px;\"><strong>\u0141adowanie USB<\/strong><\/p>\n<p style=\"padding-left: 30px;\">2 porty USB (2.1A) do urz\u0105dze\u0144 \u0142adowanych z USB, takich jak tablet, aparat i telefon.<\/p>\n<\/td>\n<\/tr>\n<tr>\n<td style=\"text-align: center;\"><img decoding=\"async\" src=\"https:\/\/power-cube.pl\/public\/assets\/extended wirelesscharger\/3.jpg\" alt=\"\" \/><\/td>\n<td><span style=\"font-size: 14px;\"><span style=\"font-size: 14px;\"> <\/span><\/span> <\/p>\n<p style=\"padding-left: 30px;\"><strong>Kompaktowy<\/strong><\/p>\n<p style=\"padding-left: 30px;\">Kompaktowa konstrukcja, dzi\u0119ki kt\u00f3rej wtyczki nigdy si\u0119 nie blokuj\u0105.<\/p>\n<\/td>\n<\/tr>\n<tr>\n<td style=\"text-align: center;\"><img decoding=\"async\" src=\"https:\/\/power-cube.pl\/public\/assets\/extended wirelesscharger\/4.jpg\" alt=\"\" \/><\/td>\n<td>\n<p style=\"padding-left: 30px;\"><strong>Wiele punkt\u00f3w zasilania<\/strong><\/p>\n<p style=\"padding-left: 30px;\">Rozga\u0142\u0119ziacz z 3 gniazdami, 2 portami USB i \u0142adowark\u0105 bezprzewodow\u0105 do zasilania wielu urz\u0105dze\u0144 jednocze\u015bnie.<\/p>\n<\/td>\n<\/tr>\n<tr>\n<td style=\"text-align: center;\"><img decoding=\"async\" src=\"https:\/\/power-cube.pl\/public\/assets\/extended wirelesscharger\/5.jpg\" alt=\"\" \/><\/td>\n<td>\n<p style=\"padding-left: 30px;\"><strong>Element mocuj\u0105cy w komplecie<\/strong><\/p>\n<p style=\"padding-left: 30px;\">Unikalny system do monta\u017cu PowerCube na dowolnej p\u0142askiej powierzchni (za pomoc\u0105 usuwalnej ta\u015bmy klej\u0105cej).<\/p>\n<\/td>\n<\/tr>\n<\/tbody>\n<\/table>\n<p style=\"text-align: center;\"> <img decoding=\"async\" src=\"https:\/\/power-cube.pl\/public\/assets\/extended wirelesscharger\/ls1.jpg\" alt=\"\" \/><\/p>\n<p style=\"text-align: center;\"> <img decoding=\"async\" src=\"https:\/\/power-cube.pl\/public\/assets\/extended wirelesscharger\/ls2.jpg\" alt=\"\" \/><\/p>","protected":false},"excerpt":{"rendered":"<h1 style=\"text-align: center;\">allcacoc PowerCube Extended USB A+C WirelessCharger<\/h1>\n<p style=\"text-align: center;\">11164\/FRPEWL<\/p>\n<h2 style=\"text-align: center;\">Listwa zasilaj\u0105ca z przed\u0142u\u017caczem, z mo\u017cliwo\u015bci\u0105 \u0142adowania urz\u0105dze\u0144 drog\u0105 bezprzewodow\u0105 lub przez porty USB-C i USB-A<\/h2>","protected":false},"featured_media":2628,"comment_status":"open","ping_status":"closed","template":"","meta":{"_acf_changed":false,"_kad_blocks_custom_css":"","_kad_blocks_head_custom_js":"","_kad_blocks_body_custom_js":"","_kad_blocks_footer_custom_js":""},"product_cat":[86,101],"product_tag":[],"class_list":{"0":"post-2627","1":"product","2":"type-product","3":"status-publish","4":"has-post-thumbnail","6":"product_cat-allocacoc","7":"product_cat-powercube-wirelesscharger","9":"first","10":"outofstock","11":"taxable","12":"shipping-taxable","13":"purchasable","14":"product-type-simple"},"acf":[],"taxonomy_info":{"product_cat":[{"value":86,"label":"Allocacoc"},{"value":101,"label":"PowerCube |WirelessCharger|"}]},"featured_image_src_large":["https:\/\/power-cube.globeweb.stronazen.pl\/wp-content\/uploads\/2024\/03\/3132-1024x1024.webp",980,980,true],"author_info":[],"comment_info":0,"_links":{"self":[{"href":"https:\/\/power-cube.globeweb.stronazen.pl\/en\/wp-json\/wp\/v2\/product\/2627"}],"collection":[{"href":"https:\/\/power-cube.globeweb.stronazen.pl\/en\/wp-json\/wp\/v2\/product"}],"about":[{"href":"https:\/\/power-cube.globeweb.stronazen.pl\/en\/wp-json\/wp\/v2\/types\/product"}],"replies":[{"embeddable":true,"href":"https:\/\/power-cube.globeweb.stronazen.pl\/en\/wp-json\/wp\/v2\/comments?post=2627"}],"wp:featuredmedia":[{"embeddable":true,"href":"https:\/\/power-cube.globeweb.stronazen.pl\/en\/wp-json\/wp\/v2\/media\/2628"}],"wp:attachment":[{"href":"https:\/\/power-cube.globeweb.stronazen.pl\/en\/wp-json\/wp\/v2\/media?parent=2627"}],"wp:term":[{"taxonomy":"product_cat","embeddable":true,"href":"https:\/\/power-cube.globeweb.stronazen.pl\/en\/wp-json\/wp\/v2\/product_cat?post=2627"},{"taxonomy":"product_tag","embeddable":true,"href":"https:\/\/power-cube.globeweb.stronazen.pl\/en\/wp-json\/wp\/v2\/product_tag?post=2627"}],"curies":[{"name":"wp","href":"https:\/\/api.w.org\/{rel}","templated":true}]}}

<h1 style="text-align: center;">allcacoc PowerCube Extended USB A+C WirelessCharger</h1>
<p style="text-align: center;">11164/FRPEWL</p>
<h2 style="text-align: center;">Listwa zasilająca z przedłużaczem, z możliwością ładowania urządzeń drogą bezprzewodową lub przez porty USB-C i USB-A</h2>
<p style="text-align: center;"><img loading="lazy" decoding="async" src="/userdata/public/assets/Pc z logo designnest/11164%20FRPEWL.webp" alt="" width="1158" height="1158" /></p>
<p style="text-align: center;">
<table>
<tbody>
<tr>
<td style="width: 50%; text-align: center;"><span style="font-size: 14px;"><img decoding="async" src="https://power-cube.pl/public/assets/extended wirelesscharger/1.jpg" alt="" /></span></td>
<td>
<p style="padding-left: 30px;"><strong>Ładowanie bezprzewodowe</strong></p>
<p style="padding-left: 30px;">Wystarczy umieścić telefon na bezprzewodowej stacji ładującej, aby go naładować.</p>
</td>
</tr>
<tr>
<td style="text-align: center;"><span style="font-size: 14px;"><img decoding="async" src="https://power-cube.pl/public/assets/extended wirelesscharger/2.jpg" alt="" /></span></td>
<td><span style="font-size: 14px;"><span style="font-size: 14px;"> </span></span> </p>
<p style="padding-left: 30px;"><strong>Ładowanie USB</strong></p>
<p style="padding-left: 30px;">2 porty USB (2.1A) do urządzeń ładowanych z USB, takich jak tablet, aparat i telefon.</p>
</td>
</tr>
<tr>
<td style="text-align: center;"><img decoding="async" src="https://power-cube.pl/public/assets/extended wirelesscharger/3.jpg" alt="" /></td>
<td><span style="font-size: 14px;"><span style="font-size: 14px;"> </span></span> </p>
<p style="padding-left: 30px;"><strong>Kompaktowy</strong></p>
<p style="padding-left: 30px;">Kompaktowa konstrukcja, dzięki której wtyczki nigdy się nie blokują.</p>
</td>
</tr>
<tr>
<td style="text-align: center;"><img decoding="async" src="https://power-cube.pl/public/assets/extended wirelesscharger/4.jpg" alt="" /></td>
<td>
<p style="padding-left: 30px;"><strong>Wiele punktów zasilania</strong></p>
<p style="padding-left: 30px;">Rozgałęziacz z 3 gniazdami, 2 portami USB i ładowarką bezprzewodową do zasilania wielu urządzeń jednocześnie.</p>
</td>
</tr>
<tr>
<td style="text-align: center;"><img decoding="async" src="https://power-cube.pl/public/assets/extended wirelesscharger/5.jpg" alt="" /></td>
<td>
<p style="padding-left: 30px;"><strong>Element mocujący w komplecie</strong></p>
<p style="padding-left: 30px;">Unikalny system do montażu PowerCube na dowolnej płaskiej powierzchni (za pomocą usuwalnej taśmy klejącej).</p>
</td>
</tr>
</tbody>
</table>
<p style="text-align: center;"> <img decoding="async" src="https://power-cube.pl/public/assets/extended wirelesscharger/ls1.jpg" alt="" /></p>
<p style="text-align: center;"> <img decoding="async" src="https://power-cube.pl/public/assets/extended wirelesscharger/ls2.jpg" alt="" /></p>

<h1 style="text-align: center;">allcacoc PowerCube Extended USB A+C WirelessCharger</h1>
<p style="text-align: center;">11164/FRPEWL</p>
<h2 style="text-align: center;">Listwa zasilająca z przedłużaczem, z możliwością ładowania urządzeń drogą bezprzewodową lub przez porty USB-C i USB-A</h2>
