{"id":2406,"date":"2024-03-06T18:36:46","date_gmt":"2024-03-06T17:36:46","guid":{"rendered":"https:\/\/power-cube.globeweb.stronazen.pl\/produkt\/powercube-extended-usb-15-m-szary\/"},"modified":"2024-04-24T19:22:24","modified_gmt":"2024-04-24T17:22:24","slug":"powercube-extended-usb-15-m-szary","status":"publish","type":"product","link":"https:\/\/power-cube.globeweb.stronazen.pl\/en\/product\/powercube-extended-usb-15-m-szary\/","title":{"rendered":"PowerCube Extended USB 1.5 m - gray"},"content":{"rendered":"<h1 style=\"text-align: center;\">PowerCube<strong> Extended USB 1,5 m<\/strong><\/h1>\n<h2 style=\"text-align: center;\">2402GY\/FREUPC<strong> &#8211; szary<\/strong><\/h2>\n<p style=\"text-align: center;\">W zestawie PowerCube Extended i Extended USB do\u0142\u0105czony jest system mocowania, kt\u00f3ry pozwala zainstalowa\u0107 urz\u0105dzenie w dogodnym dla siebie miejscu.<\/p>\n<p style=\"text-align: center;\">Mo\u017cliwo\u015b\u0107 przymocowania PowerCube do \u015bciany lub do powierzchni blatu pozwala unikn\u0105\u0107 uci\u0105\u017cliwego schylania si\u0119 do gniazdek, kt\u00f3re niejednokrotnie znajduj\u0105 si\u0119 w trudno dost\u0119pnych miejscach.<\/p>\n<p style=\"text-align: center;\">PowerCube Extended allows several cubes to be connected together.<\/p>\n<p style=\"text-align: center;\"><img loading=\"lazy\" decoding=\"async\" src=\"\/userdata\/public\/assets\/Pc z logo designnest\/2402GY%20FREUPC.webp\" alt=\"\" width=\"1430\" height=\"1023\" \/><\/p>\n<\/p>\n<p><img decoding=\"async\" src=\"https:\/\/power-cube.pl\/public\/assets\/award.jpg\" alt=\"\" \/><\/p>\n<p><strong>Technical specifications:<\/strong><\/p>\n<ul>\n<li>liczba gniazd &#8211; 4<\/li>\n<li>E\/(FR) socket type<\/li>\n<li>napi\u0119cie\/ pr\u0105d nominalny ~250V\/16A<\/li>\n<li>liczba port\u00f3w USB &#8211; 2<\/li>\n<li>wyj\u015bcie USB &#8211; 5V\/2.1A<\/li>\n<li>moc max: 3680 W <\/li>\n<li>grounding: yes<\/li>\n<li>child protection: yes<\/li>\n<li>kolor gniazda &#8211; szary<\/li>\n<li>waga produktu- 471 g<\/li>\n<li>certifications - CE, RoHS, KEMA<\/li>\n<li>warranty 2 years<\/li>\n<\/ul>\n<table>\n<tbody>\n<tr>\n<td style=\"text-align: center; width: 30%;\"><img decoding=\"async\" src=\"https:\/\/power-cube.pl\/public\/assets\/\/system-mocujacy.jpg\" alt=\"\" \/><\/td>\n<td>\n<p style=\"padding-left: 30px;\"><strong>Fastening system<\/strong> &#8211; w biurach, gniazdka zasilaj\u0105ce cz\u0119sto znajduj\u0105 si\u0119 w trudno dost\u0119pnych miejscach, co komplikuje doj\u015bcie do wolnego gniazda. PowerCube Extended oferuje unikatowy system mocuj\u0105cy, dzi\u0119ki kt\u00f3remu mo\u017cliwe jest umieszczenie kostki na biurku lub pod biurkiem, jednocze\u015bnie maj\u0105c zasilacz w zasi\u0119gu r\u0119ki.<\/p>\n<\/td>\n<\/tr>\n<tr>\n<td style=\"text-align: center;\"><img decoding=\"async\" src=\"https:\/\/power-cube.pl\/public\/assets\/\/tasmamocujaca.jpg\" alt=\"\" \/><\/td>\n<td>\n<p style=\"padding-left: 30px;\"><strong>Removable tapes<\/strong> &#8211; system mocuj\u0105cy znajduj\u0105cy si\u0119 w ka\u017cdym zestawie PowerCube Extended mo\u017ce by\u0107 \u0142atwo przymocowany dzi\u0119ki dw\u00f3m, dwustronnym ta\u015bm\u0105. W celu usuni\u0119cia ta\u015bmy nale\u017cy poci\u0105gn\u0105\u0107 za zaczepy. Klej w ta\u015bmach zosta\u0142 starannie dobrany tak, aby nie pozostawi\u0142 \u017cadnych \u015blad\u00f3w.<\/p>\n<\/td>\n<\/tr>\n<tr>\n<td><img decoding=\"async\" src=\"https:\/\/power-cube.pl\/public\/assets\/\/Noblocking2.jpg\" alt=\"\" \/><\/td>\n<td>\n<p style=\"padding-left: 30px;\"><strong>No interlocks<\/strong> &#8211; niejednokrotnie zasilacze wyposa\u017cone s\u0105 w niestandardowe wtyczki, kt\u00f3re po pod\u0142\u0105czeniu kilku na raz do przed\u0142u\u017cacza, utrudniaj\u0105 dost\u0119p do wolnych gniazd, uniemo\u017cliwiaj\u0105c ich wykorzystanie. PowerCube rozwi\u0105zuje ten problem!<\/p>\n<\/td>\n<\/tr>\n<tr>\n<td style=\"text-align: center;\"><img decoding=\"async\" src=\"https:\/\/power-cube.pl\/public\/assets\/\/Cable%20management.jpg\" alt=\"\" \/><\/td>\n<td>\n<p style=\"padding-left: 30px;\"><strong>Order in cables<\/strong> &#8211; w zestawach PowerCube Extended znajduje si\u0119 dodatkowo Cable Fix umo\u017cliwiaj\u0105cy mocowanie kabla w spos\u00f3b, kt\u00f3ry u\u0142atwi utrzymanie w porz\u0105dku cz\u0119sto pl\u0105cz\u0105cych si\u0119 przewod\u00f3w.<\/p>\n<\/td>\n<\/tr>\n<tr>\n<td style=\"text-align: center;\"><img decoding=\"async\" src=\"https:\/\/power-cube.pl\/public\/assets\/\/Duo-charging2.jpg\" alt=\"\" \/><\/td>\n<td>\n<p style=\"padding-left: 30px;\"><strong>Podw\u00f3jne \u0142adowanie<\/strong> &#8211; system umo\u017cliwiaj\u0105cy jednoczesne \u0142adowanie kilku urz\u0105dze\u0144, niweluj\u0105cy przeszkody zwi\u0105zane z niewystarczaj\u0105c\u0105 d\u0142ugo\u015bci\u0105 kabli od \u0142adowarek. W PowerCube Extended USB (posiadaj\u0105cym 1,5 m lub 3 m kabel) znajduj\u0105 si\u0119 dwa porty USB, kt\u00f3re umo\u017cliwi\u0105 jednoczesne \u0142adowanie i korzystanie z urz\u0105dze\u0144.<\/p>\n<\/td>\n<\/tr>\n<\/tbody>\n<\/table>\n<p style=\"text-align: center;\"><img decoding=\"async\" src=\"https:\/\/power-cube.pl\/public\/assets\/2100\/original.jpg\" alt=\"\" \/><\/p>\n<p style=\"text-align: center;\"><img decoding=\"async\" src=\"https:\/\/power-cube.pl\/public\/assets\/2100\/original2.jpg\" alt=\"\" \/><\/p>\n<p style=\"text-align: center;\"><img decoding=\"async\" src=\"https:\/\/power-cube.pl\/public\/assets\/2100\/original3.jpg\" alt=\"\" \/><\/p>\n<p style=\"text-align: center;\"><img decoding=\"async\" src=\"https:\/\/power-cube.pl\/public\/assets\/2100\/original4.jpg\" alt=\"\" \/><\/p>\n<p style=\"text-align: center;\"><iframe loading=\"lazy\" src=\"https:\/\/www.youtube.com\/embed\/KvVh1w7YQQk?rel=0\" width=\"853\" height=\"480\" frameborder=\"0\" allowfullscreen=\"allowfullscreen\"><\/iframe><\/p>","protected":false},"excerpt":{"rendered":"<h1 style=\"text-align: center;\">PowerCube Extended USB 1,5 m<\/h1>\n<h2 style=\"text-align: center;\">2402GY\/FREUPC &#8211; szary<\/h2>\n<p style=\"text-align: center;\">W zestawie PowerCube Extended i Extended USB do\u0142\u0105czony jest system mocowania, kt\u00f3ry pozwala zainstalowa\u0107 urz\u0105dzenie w dogodnym dla siebie miejscu.<\/p>\n<p style=\"text-align: center;\">Mo\u017cliwo\u015b\u0107 przymocowania PowerCube do \u015bciany lub do powierzchni blatu pozwala unikn\u0105\u0107 uci\u0105\u017cliwego schylania si\u0119 do gniazdek, kt\u00f3re niejednokrotnie znajduj\u0105 si\u0119 w trudno dost\u0119pnych miejscach.<\/p>\n<p style=\"text-align: center;\">PowerCube Extended allows several cubes to be connected together.<\/p>","protected":false},"featured_media":2407,"comment_status":"open","ping_status":"closed","template":"","meta":{"_acf_changed":false,"_kad_blocks_custom_css":"","_kad_blocks_head_custom_js":"","_kad_blocks_body_custom_js":"","_kad_blocks_footer_custom_js":""},"product_cat":[86,88],"product_tag":[],"class_list":{"0":"post-2406","1":"product","2":"type-product","3":"status-publish","4":"has-post-thumbnail","6":"product_cat-allocacoc","7":"product_cat-powercube-extended","9":"first","10":"instock","11":"taxable","12":"shipping-taxable","13":"purchasable","14":"product-type-simple"},"acf":[],"taxonomy_info":{"product_cat":[{"value":86,"label":"Allocacoc"},{"value":88,"label":"PowerCube |Extended|"}]},"featured_image_src_large":["https:\/\/power-cube.globeweb.stronazen.pl\/wp-content\/uploads\/2024\/03\/3075-1024x732.webp",980,701,true],"author_info":[],"comment_info":0,"_links":{"self":[{"href":"https:\/\/power-cube.globeweb.stronazen.pl\/en\/wp-json\/wp\/v2\/product\/2406"}],"collection":[{"href":"https:\/\/power-cube.globeweb.stronazen.pl\/en\/wp-json\/wp\/v2\/product"}],"about":[{"href":"https:\/\/power-cube.globeweb.stronazen.pl\/en\/wp-json\/wp\/v2\/types\/product"}],"replies":[{"embeddable":true,"href":"https:\/\/power-cube.globeweb.stronazen.pl\/en\/wp-json\/wp\/v2\/comments?post=2406"}],"wp:featuredmedia":[{"embeddable":true,"href":"https:\/\/power-cube.globeweb.stronazen.pl\/en\/wp-json\/wp\/v2\/media\/2407"}],"wp:attachment":[{"href":"https:\/\/power-cube.globeweb.stronazen.pl\/en\/wp-json\/wp\/v2\/media?parent=2406"}],"wp:term":[{"taxonomy":"product_cat","embeddable":true,"href":"https:\/\/power-cube.globeweb.stronazen.pl\/en\/wp-json\/wp\/v2\/product_cat?post=2406"},{"taxonomy":"product_tag","embeddable":true,"href":"https:\/\/power-cube.globeweb.stronazen.pl\/en\/wp-json\/wp\/v2\/product_tag?post=2406"}],"curies":[{"name":"wp","href":"https:\/\/api.w.org\/{rel}","templated":true}]}}

<h1 style="text-align: center;">PowerCube<strong> Extended USB 1,5 m</strong></h1>
<h2 style="text-align: center;">2402GY/FREUPC<strong> &#8211; szary</strong></h2>
<p style="text-align: center;">W zestawie PowerCube Extended i Extended USB dołączony jest system mocowania, który pozwala zainstalować urządzenie w dogodnym dla siebie miejscu.</p>
<p style="text-align: center;">Możliwość przymocowania PowerCube do ściany lub do powierzchni blatu pozwala uniknąć uciążliwego schylania się do gniazdek, które niejednokrotnie znajdują się w trudno dostępnych miejscach.</p>
<p style="text-align: center;">PowerCube Extended allows several cubes to be connected together.</p>
<p style="text-align: center;"><img loading="lazy" decoding="async" src="/userdata/public/assets/Pc z logo designnest/2402GY%20FREUPC.webp" alt="" width="1430" height="1023" /></p>
</p>
<p><img decoding="async" src="https://power-cube.pl/public/assets/award.jpg" alt="" /></p>
<p><strong>Technical specifications:</strong></p>
<ul>
<li>liczba gniazd &#8211; 4</li>
<li>E/(FR) socket type</li>
<li>napięcie/ prąd nominalny ~250V/16A</li>
<li>liczba portów USB &#8211; 2</li>
<li>wyjście USB &#8211; 5V/2.1A</li>
<li>moc max: 3680 W </li>
<li>grounding: yes</li>
<li>child protection: yes</li>
<li>kolor gniazda &#8211; szary</li>
<li>waga produktu- 471 g</li>
<li>certifications - CE, RoHS, KEMA</li>
<li>warranty 2 years</li>
</ul>
<table>
<tbody>
<tr>
<td style="text-align: center; width: 30%;"><img decoding="async" src="https://power-cube.pl/public/assets//system-mocujacy.jpg" alt="" /></td>
<td>
<p style="padding-left: 30px;"><strong>Fastening system</strong> &#8211; w biurach, gniazdka zasilające często znajdują się w trudno dostępnych miejscach, co komplikuje dojście do wolnego gniazda. PowerCube Extended oferuje unikatowy system mocujący, dzięki któremu możliwe jest umieszczenie kostki na biurku lub pod biurkiem, jednocześnie mając zasilacz w zasięgu ręki.</p>
</td>
</tr>
<tr>
<td style="text-align: center;"><img decoding="async" src="https://power-cube.pl/public/assets//tasmamocujaca.jpg" alt="" /></td>
<td>
<p style="padding-left: 30px;"><strong>Removable tapes</strong> &#8211; system mocujący znajdujący się w każdym zestawie PowerCube Extended może być łatwo przymocowany dzięki dwóm, dwustronnym taśmą. W celu usunięcia taśmy należy pociągnąć za zaczepy. Klej w taśmach został starannie dobrany tak, aby nie pozostawił żadnych śladów.</p>
</td>
</tr>
<tr>
<td><img decoding="async" src="https://power-cube.pl/public/assets//Noblocking2.jpg" alt="" /></td>
<td>
<p style="padding-left: 30px;"><strong>No interlocks</strong> &#8211; niejednokrotnie zasilacze wyposażone są w niestandardowe wtyczki, które po podłączeniu kilku na raz do przedłużacza, utrudniają dostęp do wolnych gniazd, uniemożliwiając ich wykorzystanie. PowerCube rozwiązuje ten problem!</p>
</td>
</tr>
<tr>
<td style="text-align: center;"><img decoding="async" src="https://power-cube.pl/public/assets//Cable%20management.jpg" alt="" /></td>
<td>
<p style="padding-left: 30px;"><strong>Order in cables</strong> &#8211; w zestawach PowerCube Extended znajduje się dodatkowo Cable Fix umożliwiający mocowanie kabla w sposób, który ułatwi utrzymanie w porządku często plączących się przewodów.</p>
</td>
</tr>
<tr>
<td style="text-align: center;"><img decoding="async" src="https://power-cube.pl/public/assets//Duo-charging2.jpg" alt="" /></td>
<td>
<p style="padding-left: 30px;"><strong>Podwójne ładowanie</strong> &#8211; system umożliwiający jednoczesne ładowanie kilku urządzeń, niwelujący przeszkody związane z niewystarczającą długością kabli od ładowarek. W PowerCube Extended USB (posiadającym 1,5 m lub 3 m kabel) znajdują się dwa porty USB, które umożliwią jednoczesne ładowanie i korzystanie z urządzeń.</p>
</td>
</tr>
</tbody>
</table>
<p style="text-align: center;"><img decoding="async" src="https://power-cube.pl/public/assets/2100/original.jpg" alt="" /></p>
<p style="text-align: center;"><img decoding="async" src="https://power-cube.pl/public/assets/2100/original2.jpg" alt="" /></p>
<p style="text-align: center;"><img decoding="async" src="https://power-cube.pl/public/assets/2100/original3.jpg" alt="" /></p>
<p style="text-align: center;"><img decoding="async" src="https://power-cube.pl/public/assets/2100/original4.jpg" alt="" /></p>
<p style="text-align: center;"><iframe loading="lazy" src="https://www.youtube.com/embed/KvVh1w7YQQk?rel=0" width="853" height="480" frameborder="0" allowfullscreen="allowfullscreen"></iframe></p>

<h1 style="text-align: center;">PowerCube Extended USB 1,5 m</h1>
<h2 style="text-align: center;">2402GY/FREUPC &#8211; szary</h2>
<p style="text-align: center;">W zestawie PowerCube Extended i Extended USB dołączony jest system mocowania, który pozwala zainstalować urządzenie w dogodnym dla siebie miejscu.</p>
<p style="text-align: center;">Możliwość przymocowania PowerCube do ściany lub do powierzchni blatu pozwala uniknąć uciążliwego schylania się do gniazdek, które niejednokrotnie znajdują się w trudno dostępnych miejscach.</p>
<p style="text-align: center;">PowerCube Extended allows several cubes to be connected together.</p>
